*2 + w**2 - 10 + 4*w. Calculate j(o).
4
Let f(c) = -c**3 - 6. Let g(h) = -h**3 - h - 7. Let j(u) = -6*u**3 - u**2 + 2*u + 1. Let b be j(-1). Let t(n) = b*f(n) - 3*g(n). Determine t(-3).
15
Let u(d) = -24*d + 15. Let w(f) = 19*f - 16. Let k(y) = 4*u(y) + 5*w(y). Let b be -3*(-14)/21*-10. Calculate k(b).
0
Suppose -5*p + 2*y = -39, -p + 0*y - 5*y + 24 = 0. Let g(l) = 32*l + 3. Let z(t) = 55*t + 14. Let h(i) = 7*g(i) - 4*z(i). Calculate h(p).
1
Let n(g) = -g**3 + 26*g**2 + 55*g + 29. Let h(y) = -y**2 + 10*y + 103. Let s be h(15). Give n(s).
1
Suppose -46 - 32 = -26*l. Suppose 2*b + 4 = 12. Let s(n) = 28 - b*n + n**2 - 15 - 17. Give s(l).
-7
Let p(n) = 8*n + 19. Let t(r) = -7*r - 12. Let g(m) = -2*p(m) - 2*t(m). Give g(2).
-18
Let f(n) = -1 - 4 - 2*n - 11. Let b(s) = 68*s**2 + 265*s - 43. Let l be b(-4). What is f(l)?
14
Suppose -2 = 3*g + 4*j, 5*g + 11 = j - 0. Let b(w) = -5*w**3 - 3*w**2 - 3*w - 2. Calculate b(g).
32
Let a(c) = -c**2 + 5*c + 1. Let k(d) be the second derivative of 25*d**3/6 - 121*d**2/2 - 184*d. Let m be k(5). Determine a(m).
5
Let r be ((-8)/6)/(1/3). Let d(b) be the first derivative of b**4/4 + b**3 - 5*b**2/2 + 42773. Determine d(r).
4
Let t be (0 + -3 - -29)*8. Suppose 3*s = -46 + t. Let a be 2/(-7) + s/42. Let j(d) = 4*d**2 - d. Give j(a).
3
Let p = -6129 - -6129. Let k(j) = 2*j**3 - 2*j + 5. Determine k(p).
5
Let v(t) = -3*t**2 - 4*t + 13. Let j(b) = -9*b**2 - 13*b + 46. Let c(a) = -2*j(a) + 7*v(a). Let h be 3*6/9 - 3. Let g be 3/h + (-4)/(-2). Give c(g).
-2
Let n(b) = b**2 + 88. Let h be (3 + -2)*4/(-12)*(4 - 4). Give n(h).
88
Let r(y) be the third derivative of -y**4/24 + 3*y**3/2 - y**2. Let f(n) = 925*n + 9250. Let c be f(-10). Give r(c).
9
Let d(z) = 50*z**2 - 154*z**2 + 4*z + 54*z**2 + 2 + 55*z**2. Let u(k) = 18*k**2 + 13*k + 5. Let s(i) = 7*d(i) - 2*u(i). Give s(-3).
-11
Let w be (1*2)/(0 - -1). Let j(a) be the second derivative of -a**4/6 - 2*a**2 + 2*a - 58395. Calculate j(w).
-12
Let w = -63 + 54. Let d(n) = -2*n - 13. Let j be d(w). Suppose 0 = -5*g, 3*g - 5 = j*k - 2*g. Let o(v) = 25*v**3 - 2*v**2 - 2*v - 1. Give o(k).
-26
Let d(y) = -y**3 + 6*y**2 + 6*y + 2. Let s = 133 + -123. Suppose -25 = -5*v - s*o + 5*o, 2*v - 22 = 4*o. Calculate d(v).
-5
Suppose -5*w = -2*o + 217, 4*o + 2*w - w = 379. Let i = o - 102. Let y be 9/i*(-32)/12. Let x(q) = -q. What is x(y)?
-4
Let v(r) = 96*r - 39. Let t(x) = 81*x - 33. Let h(j) = 7*t(j) - 6*v(j). Let q(k) = -k. Let f be q(4). Give h(f).
39
Let q(c) = 11664 + 4*c + 0*c**3 - 23358 - 3*c**2 + 11668 - c**3. Determine q(-5).
4
Let n be ((-47)/(-15) - -3) + 2/(-15). Suppose 0 = w + x + n, 4*w + 31 = -0*x + 3*x. Let j(a) = 3*a - 2. Determine j(w).
-23
Let o(j) = j + 130908 - 2*j - j**2 - 130801. What is o(-10)?
17
Let x(w) be the third derivative of w**4/8 + 2*w**3/3 + w**2. Let v be 8 - (1 + 5) - 214. Let s = v - -215. Calculate x(s).
13
Let k(l) = 3*l**3 + 51*l**2 + 54*l - 27. Let z(o) = -4*o**3 - 52*o**2 - 55*o + 28. Let q(m) = 6*k(m) + 5*z(m). Give q(24).
2
Let z(g) = -g**2 - 7*g - 2. Let u be (3 - 2) + 6 + -4. Suppose -4*y + a + 16 = -u*a, a = -3. Let f be y/(-4) - (-209)/(-44). Determine z(f).
8
Let q(g) = g**3 - 9*g**2 - 9*g - 2. Suppose -34*u + 144 - 34 = -128. What is q(u)?
-163
Let f(u) = 2*u**3 + 5*u**2 + 9*u + 7. Let c = 1258 + -1260. Calculate f(c).
-7
Let a(i) be the first derivative of 2*i**2 + i - 3. Let s(t) = t**2 - 7*t - 9. Let p = 18 + -10. Let f be s(p). Determine a(f).
-3
Let z(p) = 87 - 4*p**2 - 6*p + 84 - 261 + 86. Calculate z(-4).
-44
Let l(s) = s**3 - 4*s**2 - s - 4. Suppose 6*h - 16 = 98. Let g = -12 + h. Suppose 13 + g = 5*z. What is l(z)?
-8
Suppose 226*t - 90*t + 531 = -285. Let x(r) = -r**3 - 5*r**2 + 8*r + 11. Determine x(t).
-1
Let t(g) = -89*g + 2. Let h(p) = 478*p - 10. Let u(m) = 2*h(m) + 11*t(m). Determine u(0).
2
Let y = -52 + 50. Let c = y - -2. Let m(q) = -15*q + 7*q + 7*q + c + 1. Give m(-8).
9
Let k(g) = 3*g**3 - g**2 - 5*g - 7. Let b(h) = -7*h**3 + 3*h**2 + 8*h + 14. Let q(m) = -2*b(m) - 5*k(m). What is q(-3)?
-2
Let h(l) = 6*l**3 - l**2 - l + 4. Suppose -169*g = -81*g + 176. What is h(g)?
-46
Suppose 21 - 18 = 3*h. Let v be h/(((-1)/6)/(30/(-36))). Let f(o) be the second derivative of o**3/6 - 3*o**2/2 - o. Give f(v).
2
Let j(s) = 10 + 13*s + s**3 + 49*s**3 - 11*s**2 - 51*s**3 - 2*s**2. Determine j(-14).
24
Let p(g) = -3*g + 31. Let h(c) = 13*c - 130. Let q = -70 - -68. Let m(i) = q*h(i) - 9*p(i). Give m(10).
-9
Let j(s) = -16*s**3 + 58*s**2 - 44*s + 120. Let x(w) = 3*w**3 - 11*w**2 + 8*w - 24. Let a(d) = 2*j(d) + 11*x(d). Give a(6).
12
Suppose -280 = -372*b + 40 + 52. Let s(h) = -5 + 2 - 2*h**2 + 4 + 7*h**3. Give s(b).
6
Let l(j) be the first derivative of -j**4/4 - 4*j**3/3 - 5*j**2/2 - 7*j + 3590. Give l(-3).
-1
Suppose 5*r = c - 1, 0*c + 3*c + 5*r = 23. Let n(h) = 3*h - h - 1 + 3*h. Determine n(c).
29
Let r = -29519 - -29499. Let n(s) = s**3 + 22*s**2 + 37*s - 67. Give n(r).
-7
Let g(l) = -114773 - 15*l + 114747 - 4*l**2 + 3*l**2. What is g(-12)?
10
Let b(l) be the first derivative of -l**7/840 - l**6/60 + l**4/3 + 2*l**3/3 - 41. Let i(k) be the third derivative of b(k). What is i(-6)?
8
Let w(t) = -t**2 + 9*t - 8. Let c be w(8). Suppose 20 = 3*g + 4*h, -2*g + 4*h + 27 - 7 = c. Let x(l) = -g + l**2 + 9 - 3*l + 4. Calculate x(5).
15
Let n(p) = 11*p + 17*p + 15*p - 15*p - 101 - 60. Determine n(6).
7
Let l(k) be the first derivative of k**4/4 + 29*k**3/3 - 29*k**2/2 + 24*k - 4071. Determine l(-30).
-6
Let h(m) = -6267*m - 25*m**2 - m**3 + 6259*m + 7 - 2*m**3. What is h(-8)?
7
Suppose 3*f + f - 5*g + 2 = 0, 0 = 4*f + 3*g - 14. Let n(i) = 0 + 0*i**f + i**2 + 1 + 3*i. Let c = -2924 + 2919. Calculate n(c).
11
Suppose -8*z = -6*z - 34. Suppose 0 = -z*g + 20*g + 21. Let h(i) = -7*i + 0 + 4*i**2 + i**3 + 0 + 2*i**2 + 5. Give h(g).
5
Let t be (-3)/2*248/(-93). Let w be (t/18)/(1/9) + -16. Let c(x) = -x**3 - 14*x**2 - x - 8. Determine c(w).
6
Let n(a) = a**2 - a + 16. Suppose -111*r + 99*r = 134*r. Give n(r).
16
Let o(r) = -60*r**3 - r**2 - 3*r - 2. Let h be 4*(6 - 5) - (-5 - -8 - -2). Determine o(h).
60
Let c(s) = -2*s**2 + 2*s - 2. Let t(m) = -11*m**2 - 6*m + 26. Let z(h) = -5*c(h) + t(h). Give z(-18).
0
Suppose 19*c + 6*c = 75. Let t(v) = -21*v - 5. Give t(c).
-68
Let b(l) be the second derivative of l**5/20 + 5*l**4/12 + l**3/6 + 6*l**2 - l + 11370. Determine b(-5).
7
Let u = -5377 - -5378. Let x(z) = -15*z**3 - z**2 + z + 1. Calculate x(u).
-14
Let r(l) = 36*l**2 - 219*l + 25. Let n be r(6). Let x(g) be the second derivative of 4/3*g**3 + 2*g**2 + 0 + 6*g - 1/12*g**4. Calculate x(n).
11
Let y(g) = -19*g - 1. Suppose -2*i = -3*c - 254, 2*i - 3*i = -3*c - 130. Let n(l) = -l**3 + 70*l**2 - 199*l - 11. Let f be n(67). Let j = i - f. Give y(j).
-20
Let u(b) = -4*b + 36. Let j = -345 - -353. Calculate u(j).
4
Let b(g) = 4*g - 6 + 21*g**3 + 5 - 21*g**3 + 37*g**3. Let d(r) = 38*r**3 + 5*r - 1. Let i(o) = -6*b(o) + 5*d(o). Determine i(-1).
32
Let z(h) = h**3 + h**2 - 1. Let f(o) = 2*o**3 - 2*o**2 + 4*o - 7. Let w(n) = f(n) - 3*z(n). Let m = 29 - 7. Suppose 0 = -4*k - 2 - m. Calculate w(k).
8
Let w be (0 - 0) + -8*6/(-24). Let s(o) be the first derivative of 5*o**3/3 - o**2/2 - o + 71. Determine s(w).
17
Let s(j) = 5*j - 4 - 3*j - 3*j. Suppose -68309*a = -68282*a + 108. Calculate s(a).
0
Let c(v) be the second derivative of v**5/20 - 3*v**4/2 - v**3/3 + 13*v**2 + 2*v - 171. Determine c(18).
-10
Let s be 0 + (-1)/9 + (-17)/(4896/1696). Let d(a) be the third derivative of a**4/24 + 13*a**3/6 + a**2. Determine d(s).
7
Suppose 4*m = -37 - 3. Let o = -7 - m. Let j(c) be the first derivative of c**2 - c + 6. Determine j(o).
5
Suppose 43*b - 38*b + 18 = -3*z, 5*z + 2*b = -11. Let w(g) = 23*g. Determine w(z).
-23
Let j = 9 + -14. Let b(h) be the second derivative of -h**3/2 - 7*h**2/2 + 267*h - 25. Give b(j).
8
Let i(v) be the first derivative of 2*v**2 + 18*v + 194. Determine i(-2).
10
Let o(z) be the third derivative of 0 - 1/120*z**6 + 0*z + 1/4*z**4 - 172*z**2 - 1/15*z**5 + 3/2*z**3. Determine o(-5).
4
Let v(d) be the second derivative of -3/2*d**2 + 0 + 6*d - 1/3*d**3. Let a be 13*(-21)/((-819)/12). What is v(a)?
-11
Let n(y) = -y**3 + 4*y**2 + 4*y - 5. Let f be 4 + 190/(-45) + 22/18. Let p be 496/(0 + 4)*f. Let d be 2/(-12) + (p/(-24))/(-1). Determ